52, -5*z - 127 = -2*r + 7. What is the units digit of r?
2
Suppose 3*h + 24 = 7*h. Let w(f) = 7*f**3 - 2*f**2 + f + 1. Let k be w(3). Suppose -z + h*z - k = 0. What is the units digit of z?
5
Let d = 5 - 2. Let j be 1*(-1 + d)*-4. Let l(k) = -3*k - 9. What is the tens digit of l(j)?
1
Let w be -6*(-15)/18*-3. Let q be 6/w + 1328/20. Suppose 6 = -4*a + q. What is the tens digit of a?
1
Let r be ((-21)/35)/(2/(-30))*-1. What is the tens digit of 7/21 - 1383/r?
5
Let g be ((-80)/25)/(1941/(-645) - -3). Suppose o - 7*f - g = -4*f, -4*f - 1742 = -5*o. What is the units digit of o?
0
Suppose -4*z = -5*w + 97, 0 = -w - 2*w - 3*z + 42. Let o = 58 - -42. Suppose 0 = -12*f + w*f - o. What is the tens digit of f?
2
Let a = -3 - -5. Suppose 50 = a*d + 3*j, -2*j = -d - 4*j + 25. What is the units digit of d?
5
Let y(i) = 67 - 17 - 9*i + i**2 + 16*i - 5*i. Let l = -2 - -2. What is the tens digit of y(l)?
5
Suppose -4*j + 5*h + 3044 = 8*h, -2*j + 5*h = -1522. What is the units digit of j?
1
Suppose w - 4*k = 3*w + 14, w - 13 = 2*k. Let p = 26 - 16. Suppose 0 = -m + w*m - p. What is the units digit of m?
5
Let w be (2 - 2)/(-2 - -1). Suppose -16 = 2*z + h + 3*h, 4*h + 20 = w. Suppose -z*n + 9 + 13 = 4*y, 4*n = 4*y + 8. What is the units digit of y?
3
Suppose -81*u - 1386 = -87*u. What is the tens digit of u?
3
Let q(g) = -6*g + 330. What is the units digit of q(-30)?
0
Let c = -906 + 1508. What is the units digit of c?
2
Let n be ((-4)/6)/(1/(-33)*2). Suppose -n*m + 199 = -340. What is the units digit of m?
9
Let u(f) = -4*f**3 + 2*f**2 - 8*f - 8. What is the tens digit of u(-4)?
1
Let j(r) = 2*r**2 - 283. What is the thousands digit of j(-30)?
1
Suppose 0*u = -u - 85. Let m = 194 + u. What is the hundreds digit of m?
1
What is the hundreds digit of ((-1)/2)/(11/6281)*-2?
5
Let c = -27 - -32. What is the tens digit of (45 - -1) + (c - 5)?
4
Suppose 3*l + 2*i + 4 = -3*i, 4*i = 2*l - 34. Let z = l + -5. Let q = z + 6. What is the units digit of q?
8
Suppose 4*t - 5*x = 24, 4*x + 14 = -2*t - 0*t. Let r be ((8 - 3) + -4)*t. Let v(u) = 21*u**2 + u - 2. What is the tens digit of v(r)?
2
Let w(k) = k - 26. Let j be w(-18). Let z = 104 + j. What is the units digit of z?
0
Let u = -16 + 21. Suppose 0 = -u*b + 25 + 20. What is the units digit of b?
9
Suppose -1981 + 533 = -4*k. What is the tens digit of -8*(-6)/(-36) - k/(-6)?
5
Let o = 1 - 11. Let p = o - -10. Suppose -q + 4*d + 17 = p, -q - 2*q + 67 = 4*d. What is the tens digit of q?
2
Let g = 3582 - 1580. What is the hundreds digit of g?
0
Let r(p) = -2*p**2 + p - 11. Let g be r(0). What is the tens digit of (-4)/(-22) + 0 - 1076/g?
9
Let w(v) = -148*v - 447. What is the tens digit of w(-14)?
2
What is the units digit of 3/(-7) - 14/(980/(-179370))?
2
What is the units digit of -1 - -5 - (-349 - -3)?
0
Let g be (5 + 1)*(1 - (4 - 2)). What is the units digit of (-3)/(-2) + (-465)/g?
9
Suppose 3*f = f - 2. Let t = f + 0. What is the tens digit of (t + 6)*3*1?
1
Let j(h) = -17*h + 29. Let s(r) = 9*r - 15. Let o(d) = 6*j(d) + 11*s(d). Suppose -7*i - 130 = 6*i. What is the tens digit of o(i)?
3
Let j(q) = 4*q**2 - 4*q - 26. What is the hundreds digit of j(-8)?
2
Let t(p) = -p + 10. Let h be t(8). Let b(n) = n + 11 + n**h + 5 - 25*n**3 - 16. What is the tens digit of b(-1)?
2
Let n = 25 + -23. Suppose -z = -b - 15, z + z = -n*b + 22. Suppose -m + 173 = 5*g, -154 - z = -5*g + m. What is the units digit of g?
4
Suppose 5*h + 13671 = -4*h. What is the units digit of h/(-13) + (37/(-13) - -3)?
7
Suppose -43*z + 58*z = 5685. What is the units digit of z?
9
What is the units digit of (-9)/(-1) + 1895 - (-2 - 5)?
1
Let j = -121 - -197. Let l be 5/(-2)*j/(-10). Suppose -33 - l = -2*g. What is the units digit of g?
6
What is the hundreds digit of 2/(1*(-10)/(-2535))?
5
Suppose -44*n + 940 = -40*n. What is the hundreds digit of n?
2
Let u = 1 - -2. Let s be (-8*u)/(3/(-3)). Suppose 4*o - 72 = -2*y - 24, 4*y = 4*o - s. What is the units digit of o?
0
Suppose 3*t - 4*t = -3. Let z(g) = -8*g + 6. Let v be z(t). What is the tens digit of 2/(3*(-1)/v)?
1
Let w be (-1095)/(-9) + 14/(-21). Suppose -n + w = -32. What is the units digit of n?
3
Let z = 17 + -29. Let c = 14 + z. Suppose y - 58 = c*l, 3*y = -3*l + 5*l + 162. What is the tens digit of y?
5
Let d(s) = 2*s**2 + 10*s + 2. Suppose 3*a + 4*p + 19 = 0, a + 4*p - 53 = 6*a. Let t be a - (-5)/((-5)/(-2)). What is the units digit of d(t)?
0
Let l(u) = -u**2 + 3*u + 4. Let x be l(4). Let i(n) = 8*n + 1 - 4 + x + 7*n. What is the units digit of i(2)?
7
Let n(h) = 5*h + 249. Let p(s) = 2*s + 125. Let t(g) = -4*n(g) + 9*p(g). What is the hundreds digit of t(0)?
1
Let h be -2 - (-7 - -3) - -106. What is the units digit of (7332/h - 2/(-18)) + 0?
8
Let a = -10 + -5. Let z be (-369)/(-12) + a/20. What is the units digit of 4*63/z*5?
2
Suppose 0 = i - 2. Let d(a) be the third derivative of a**5/12 - a**4/24 + 2*a**2 - 164. What is the units digit of d(i)?
8
Let v(s) = s**2 - 3*s + 14. Let q be v(-11). What is the tens digit of q/15 - (-6)/(-30)?
1
What is the units digit of (-66 - -12)/((-2)/49)?
3
Suppose -11*s + 972 = -2790. What is the units digit of s?
2
Suppose 2*g - 674 = 98. What is the tens digit of g?
8
Let o(y) = y**3 - 21*y**2 - 5*y - 58. What is the tens digit of o(26)?
9
Let n = -54 + 74. What is the tens digit of n?
2
Let b = -52 - -155. Let d = -27 + b. Suppose -d + 26 = -2*l. What is the units digit of l?
5
Suppose 5*a - 3*g - 338 = 0, -3*g + 5 = -8*g. Suppose 5*p - 4*m - 35 - a = 0, 2*p = 4*m + 48. What is the tens digit of -2 + 2 + (p - 2)?
1
Suppose -5*a + 0*a + 20 = 0. Suppose -5*w - 15 = 0, a*w - 3*w - 76 = -i. What is the units digit of i?
9
Let b be (-4 - -1)*(-11)/33. Suppose -5*k = 5*p + 4 + b, 5*p = -k + 11. Let c(d) = d**3 + d**2 - 4*d + 2. What is the units digit of c(p)?
6
Let x(v) = -2 - 5 - 5*v + 1. Let k be x(-2). Suppose k*o - 155 = -31. What is the units digit of o?
1
Let r be 5*8/(-60)*(-9)/(-1). What is the units digit of 28/r*90/(-4)?
5
Let l be -2*(2/4)/(-1). Let n = 1 + l. Let j = 16 + n. What is the tens digit of j?
1
Suppose -p + 699 + 1132 = w, 4*w = 5*p + 7315. What is the units digit of w?
0
What is the thousands digit of ((-114)/2)/(15/(-410))?
1
Suppose 58 = 3*m - 41. Suppose -a + 16 = -m. What is the tens digit of a?
4
Let s = -213 - -92. Let d = -48 - s. What is the units digit of d?
3
Let t = 10669 + -4685. What is the units digit of t?
4
Suppose 0 = -2*g - 1 + 15. Suppose g*n - 160 = 694. What is the tens digit of n?
2
Let t = -4544 + 7523. What is the tens digit of t?
7
Let m(f) = 20*f + 203. What is the tens digit of m(-5)?
0
Suppose 3*r + 2*r = 540. Let s = r + -38. What is the tens digit of s?
7
Suppose 0 = -6*j + 7*j + 95. What is the units digit of 2/(-4)*(j - -9)?
3
Suppose -2696 = 2*v - 6*v. What is the hundreds digit of v?
6
Let p(w) = -w**2 + 30*w - 32. Let y be p(22). Let g = -76 + y. What is the units digit of g?
8
What is the hundreds digit of ((-74186)/(-18))/7 + 12/54?
5
Let f(h) = 6*h**2 - h + 14. Let u be f(3). Let m = u - -119. What is the hundreds digit of m?
1
Suppose 7*d - 8*d + 569 = 0. What is the hundreds digit of d?
5
Suppose 6 + 2 = n. Suppose -3*b = n - 20. Suppose 3 + 6 = 3*t, -3*d + b*t = -117. What is the tens digit of d?
4
Let s = -82 - -149. Let w = s - -10. What is the units digit of w?
7
Let j(q) = 0*q + q**2 - 3*q - 2 - q. Let d be j(6). Suppose -12*c = -11*c - d. What is the units digit of c?
0
Let l = 8 + 31. Suppose 0 = 4*c - 5*u - 66 - 90, -c = 3*u - l. Suppose 2*b - 34 = -2*o + 4, 4*b + c = o. What is the tens digit of o?
2
Suppose 0 = -4*z + 8, -12 = -s - 5*z + 2. Let p = 2 + s. What is the tens digit of (4/(-5))/(p/(-315))?
4
Let l(a) = -6*a - 2. Let z(k) = 5*k + 2. Let x(j) = -4*l(j) - 5*z(j). Let f be x(-3). What is the units digit of f + -2 + (-33)/(-11)?
2
Let m = 2 + -11. Let l be (-30)/m + 2/(-6). Suppose l*p = 4*f - 85, -5*p = -5*f + 82 + 28. What is the units digit of f?
9
Let u = 41 + -36. Suppose -94 - 318 = -u*p - y, -5*p + 4*y + 402 = 0. What is the units digit of p?
2
Let j be ((-2)/8)/((-1)/4). Suppose -3*b + 100 = -m, m + 4*m = 5*b - 170. Suppose o + g = b, -g - j = -3. What is the tens digit of o?
3
Let t be (2*-1)/((-1)/(-1)). Let l = 11 - t. Suppose s - 2*w - l = 0, 3*s - 2*w - 31